 394 + -1?
393
In base 3, what is 110201 - -12?
110220
In base 15, what is 907 + 3?
90a
In base 15, what is d - d?
0
In base 6, what is 0 - -135?
135
In base 10, what is 5570 + 4?
5574
In base 11, what is 420 - -3?
423
In base 7, what is 164236 - 4?
164232
In base 7, what is 5 + -2164?
-2156
In base 13, what is 4 - 181?
-17a
In base 14, what is -26 - -b6?
90
In base 7, what is 2411 - 3?
2405
In base 12, what is 2b - -75?
a4
In base 9, what is 3880 - 4?
3875
In base 8, what is 453 + 4?
457
In base 16, what is -2 + -25?
-27
In base 8, what is -1 + -1054?
-1055
In base 14, what is 6 + -3d?
-37
In base 15, what is 5 + -8?
-3
In base 10, what is 3 - -64?
67
In base 2, what is 10000 + -100100?
-10100
In base 9, what is -5205 + 2?
-5203
In base 13, what is -b - 13?
-21
In base 3, what is -111 - 21?
-202
In base 7, what is 21 + -401?
-350
In base 7, what is 104 - -155?
262
In base 11, what is 80 - 44?
37
In base 5, what is 234 - -12?
301
In base 11, what is 5 - 2680?
-2676
In base 13, what is -109 + a?
-cc
In base 11, what is -376 - -8?
-369
In base 7, what is -315 + -3?
-321
In base 7, what is -2 + -23230?
-23232
In base 11, what is a5 - -3a?
134
In base 16, what is 1 - -274?
275
In base 4, what is -2 + -1330?
-1332
In base 13, what is -35 + -13?
-48
In base 13, what is 0 - -15a?
15a
In base 6, what is -234510 + -3?
-234513
In base 6, what is 134 - 4?
130
In base 7, what is 0 - -242?
242
In base 15, what is -5 - d?
-13
In base 3, what is -11 - 1120110?
-1120121
In base 5, what is 21 - 32?
-11
In base 2, what is 11 - 1101001111?
-1101001100
In base 5, what is 20 + 32?
102
In base 6, what is 20 - 153?
-133
In base 4, what is -1 - -23223?
23222
In base 6, what is 1213 - 2?
1211
In base 2, what is 10001100 - 10100000?
-10100
In base 9, what is -54 + 6?
-47
In base 9, what is -22 - -27?
5
In base 7, what is -5 - -12?
4
In base 14, what is 4 + -4d?
-49
In base 3, what is 10 - 2?
1
In base 4, what is -3 - -3231?
3222
In base 3, what is 1012 + 10?
1022
In base 12, what is 11 + 48?
59
In base 2, what is 1101000 + 11?
1101011
In base 3, what is -1 - -1?
0
In base 10, what is -71 - 5?
-76
In base 4, what is -11 - -3200?
3123
In base 6, what is 4 - -153?
201
In base 16, what is 1 - e?
-d
In base 5, what is -420 + -13?
-433
In base 8, what is -217 + -3?
-222
In base 11, what is -799 + 6?
-793
In base 6, what is 133224 + -2?
133222
In base 11, what is 3a - 1?
39
In base 3, what is 21 + 2200?
2221
In base 7, what is 4 - 15?
-11
In base 8, what is -13401 - 2?
-13403
In base 8, what is -3 + 4312?
4307
In base 9, what is 11730 - 5?
11724
In base 14, what is -a5 - -34?
-71
In base 6, what is 11 + 114?
125
In base 7, what is 4546 + 0?
4546
In base 9, what is 150 + 0?
150
In base 4, what is 10 + 13?
23
In base 16, what is 3 - -2cf?
2d2
In base 15, what is 2b0 + 2?
2b2
In base 16, what is -a + 0?
-a
In base 5, what is 1332 + -134?
1143
In base 7, what is -4 - 65?
-102
In base 12, what is -1 + 52?
51
In base 14, what is -3403 + 5?
-33dc
In base 13, what is 6 - 0?
6
In base 14, what is 169 - 8?
161
In base 11, what is 66 - 5?
61
In base 2, what is -10000000 + 111?
-1111001
In base 2, what is 110001 - 10?
101111
In base 3, what is -101 - -1211?
1110
In base 4, what is 11 + -200111?
-200100
In base 14, what is -5 + 45a?
455
In base 6, what is 141 + -1?
140
In base 13, what is -3a68 + -2?
-3a6a
In base 13, what is -8 + -3c?
-47
In base 5, what is 4123 - 132?
3441
In base 16, what is -4c + -2b?
-77
In base 10, what is 9 - 0?
9
In base 4, what is 1223103 - -10?
1223113
In base 12, what is 80 - 0?
80
In base 8, what is -336 - -45?
-271
In base 7, what is 4 + -3100?
-3063
In base 16, what is 1 + -d0b?
-d0a
In base 11, what is -3 - 4?
-7
In base 5, what is -4 - 222?
-231
In base 5, what is -4 - 310?
-314
In base 6, what is 5 - 13244?
-13235
In base 9, what is -12 + 165?
153
In base 15, what is -3 + 11a?
117
In base 5, what is 2033 + 113?
2201
In base 14, what is 5 - -23d?
244
In base 14, what is -10 + 5?
-9
In base 3, what is 120021 + 0?
120021
In base 12, what is -13 - 8?
-1b
In base 2, what is -10000 - 101?
-10101
In base 11, what is -19 - -72?
54
In base 4, what is 12 + 231?
303
In base 14, what is -1b + 5?
-16
In base 9, what is -3 - -281?
277
In base 12, what is 4 + 12a?
132
In base 9, what is 1 + 1140?
1141
In base 5, what is -3 + 110342?
110334
In base 5, what is -22 + -104?
-131
In base 11, what is -8816 - 0?
-8816
In base 13, what is 21 + 0?
21
In base 6, what is -12215 + -3?
-12222
In base 7, what is 1 - -100?
101
In base 4, what is 12 - -1002?
1020
In base 2, what is 101 + 10100000110?
10100001011
In base 4, what is 3020010 - -11?
3020021
In base 10, what is -4398 + 0?
-4398
In base 13, what is 11 - 1?
10
In base 13, what is -a4 + -4?
-a8
In base 13, what is 1a - 4b?
-31
In base 13, what is -70 - 6?
-76
In base 3, what is -11 - 110?
-121
In base 14, what is 48 - 3?
45
In base 15, what is 190 - -2?
192
In base 2, what is -11 - -101101101?
101101010
In base 11, what is -8023 + 4?
-801a
In base 15, what is 5ac - 4?
5a8
In base 9, what is -1256 - -17?
-1238
In base 3, what is 1 - -11000?
11001
In base 6, what is 1 + -43?
-42
In base 4, what is 10 + -1110320?
-1110310
In base 2, what is -10001000100 - -11?
-10001000001
In base 11, what is -5 + 589?
584
In base 16, what is -1e1 + 3?
-1de
In base 14, what is -5 + -24c?
-253
In base 11, what is 5 - -56?
60
In base 10, what is 572 + -3?
569
In base 10, what is 301 - -2?
303
In base 16, what is 5 - 15?
-10
In base 5, what is -13 - -10?
-3
In base 5, what is 401 + 1?
402
In base 14, what is 10 + -14?
-4
In base 14, what is 0 - 257c?
-257c
In base 8, what is -2 + -3202?
-3204
In base 5, what is -3 + -311?
-314
In base 8, what is 260 - 4?
254
In base 15, what is 2 + 464?
466
In base 9, what is -3 - -215?
212
In base 15, what is 17 + 2?
19
In base 11, what is 0 + -58?
-58
In base 12, what is 17 - -4?
1b
In base 4, what is -33 - 0?
-33
In base 4, what is 10121 - 22?
10033
In base 13, what is -3 - -2?
-1
In base 6, what is -10 - -112?
102
In base 10, what is -30 - -2?
-28
In base 16, what is 5 - 15b8?
-15b3
In base 7, what is 3 - 2214?
-2211
In base 10, what is -2 - -1178?
1176
In base 12, what is -4 - 49?
-51
In base 2, what is 0 - 100011?
-100011
In base 2, what is 11111100010000 - 101?
11111100001011
In base 6, what is 31 - 33?
-2
In base 5, what is 0 + 1213?
1213
In base 11, what is 97 - -6?
a2
In base 8, what is 20 - 162?
-142
In base 8, what is 2 - 146?
-144
In base 10, what is -3 - -570?
567
In base 7, what is -4501 - -2?
-4466
In base 7, what is -351 + 10?
-341
In base 2, what is 11111 - -100?
100011
In base 11, what is -312 + -3?
-315
In base 8, what is 13 - -7?
22
In base 6, what is -21524 - -4?
-21520
In base 10, what is 5 - 117?
-112
In base 15, what is -2 + 11ad?
11ab
In base 8, what is 4 - 20?
-14
In base 4, what is -23 + 132?
103
In base 15, what is -1 + 61?
60
In base 15, what is 9 - -d1?
da
In base 3, what is 0 + -201?
-201
In base 15, what is 3a - 6?
34
In base 15, what is -b2d + 5?
-b28
In base 9, what is -85 + -60?
-155
In base 10, what is -4 + 6?
2
In base 14, what is -1 - -7a?
79
In base 14, what is -4 + -25b?
-261
In base 7, what is -13 + -1?
-14
In base 2, what is 101 - -100110101?
100111010
In base 12, what is 38 + 21?
59
In base 10, what is -29 - 78?
-107
In base 11, what is -1a57 + 2?
-1a55
In base 16, what is 3 - 9f5?
-9f2
In base 8, what is 2 - -604?
606
In base 15, what is 1cb6 - 4?
1cb2
In base 11, what is a8 + 1?
a9
In base 12, what is 8a1 - 1?
8a0
In base 15, what is -5b + -5?
-61
In base 4, what is 11313 + 3?
11322
In base 9, what is 48 - -57?
116
In base 7, what is 4 + 140?
144
In base 16, what is -575 - 0?
-575
In base 2, what is 1101100 + -100?
1101000
In base 6, what is 1 + -10?
-5
In base 14, what is -7a - -6?
-74
In base 12, what is -128 - -5?
-123
In base 7, what is 11501 + 4?
11505
In base 5, what is -24 - 13?
-42
In base 10, what is 36 - -7?
43
In base 12, what is 14 + 23?
37
In base 12, what is -4a - 3?
-51
In base 16, what is ca - 7?
c3
In base 8, what is -241 - 4?
-245
In base 13, what is -10c + 4?
-108
In base 2, what is -110000010001 - -100?
-110000001101
In base 12, what is -7 + -7?
-12
In base 16, what is 2c11 + 3?
2c14
In base 16, what is -3 - -bd?
ba
In base 12, what is -1259 - 0?